te the greatest common factor of 108 and 783.
27
What is the greatest common divisor of 130 and 110?
10
Calculate the greatest common divisor of 48 and 32856.
24
Calculate the greatest common factor of 472 and 232.
8
What is the highest common divisor of 2214 and 108?
54
What is the greatest common factor of 196 and 931?
49
Calculate the highest common factor of 11208 and 24.
24
Calculate the highest common factor of 1350 and 360.
90
Calculate the greatest common factor of 70 and 14.
14
What is the greatest common factor of 91 and 65?
13
What is the greatest common factor of 168 and 36?
12
What is the greatest common divisor of 231 and 2145?
33
Calculate the greatest common factor of 212 and 318.
106
Calculate the highest common divisor of 27 and 11637.
27
Calculate the highest common factor of 32 and 8608.
32
Calculate the highest common divisor of 194 and 35599.
97
Calculate the greatest common factor of 192 and 6.
6
Calculate the highest common divisor of 74 and 6475.
37
What is the greatest common divisor of 1443 and 156?
39
What is the greatest common divisor of 572 and 26?
26
Calculate the greatest common divisor of 341 and 31.
31
What is the highest common factor of 92 and 7705?
23
What is the highest common factor of 322 and 23?
23
Calculate the highest common factor of 177 and 59.
59
What is the highest common factor of 2816 and 304?
16
What is the highest common factor of 546 and 182?
182
Calculate the highest common divisor of 585 and 975.
195
What is the greatest common factor of 90 and 160?
10
Calculate the highest common divisor of 12 and 52.
4
Calculate the greatest common divisor of 456 and 168.
24
What is the greatest common divisor of 18 and 450?
18
What is the highest common divisor of 14 and 2674?
14
What is the greatest common factor of 3180 and 60?
60
Calculate the highest common factor of 9 and 14067.
9
Calculate the highest common divisor of 9 and 18.
9
What is the highest common factor of 115 and 10?
5
Calculate the greatest common factor of 2007 and 153.
9
What is the greatest common factor of 120 and 840?
120
Calculate the highest common divisor of 55 and 935.
55
Calculate the highest common factor of 7622 and 74.
74
Calculate the highest common divisor of 20 and 140.
20
Calculate the highest common divisor of 124 and 341.
31
What is the highest common divisor of 13710 and 30?
30
What is the highest common divisor of 220 and 396?
44
Calculate the greatest common factor of 284 and 71.
71
Calculate the greatest common factor of 96 and 64.
32
Calculate the highest common factor of 38 and 2014.
38
What is the highest common divisor of 95 and 855?
95
Calculate the highest common factor of 165 and 726.
33
What is the highest common factor of 20 and 2665?
5
Calculate the highest common factor of 294 and 114.
6
What is the highest common divisor of 38 and 76?
38
Calculate the highest common divisor of 264 and 286.
22
What is the highest common divisor of 6716 and 92?
92
Calculate the greatest common divisor of 130 and 4550.
130
Calculate the greatest common divisor of 118 and 767.
59
Calculate the greatest common factor of 192 and 2832.
48
Calculate the highest common divisor of 47 and 10481.
47
Calculate the highest common factor of 1937 and 13.
13
Calculate the greatest common divisor of 66 and 99.
33
What is the greatest common divisor of 234 and 12714?
78
What is the greatest common factor of 5694 and 73?
73
Calculate the highest common divisor of 5 and 5.
5
What is the highest common divisor of 522 and 12?
6
What is the highest common divisor of 160 and 48?
16
What is the greatest common factor of 32 and 1356?
4
What is the highest common factor of 350 and 400?
50
Calculate the highest common factor of 91 and 13559.
91
What is the greatest common factor of 3 and 1587?
3
What is the highest common factor of 51 and 187?
17
What is the greatest common factor of 176 and 47696?
176
What is the greatest common divisor of 124 and 217?
31
What is the greatest common factor of 561 and 165?
33
What is the greatest common divisor of 250 and 15625?
125
Calculate the greatest common factor of 420 and 217.
7
What is the greatest common divisor of 36 and 1032?
12
Calculate the highest common factor of 1970 and 40.
10
What is the greatest common divisor of 1578 and 48?
6
What is the highest common factor of 46 and 2?
2
What is the highest common divisor of 264 and 6996?
132
What is the highest common factor of 1517 and 492?
41
What is the greatest common factor of 17 and 19?
1
What is the highest common divisor of 935 and 165?
55
What is the greatest common divisor of 110 and 230?
10
What is the highest common divisor of 126 and 27?
9
What is the highest common factor of 689 and 265?
53
Calculate the highest common factor of 77 and 308.
77
Calculate the highest common factor of 700 and 730.
10
Calculate the greatest common divisor of 756 and 28.
28
What is the greatest common divisor of 418 and 6061?
209
Calculate the greatest common factor of 539 and 1848.
77
Calculate the highest common factor of 8 and 776.
8
What is the highest common divisor of 966 and 294?
42
Calculate the highest common divisor of 768 and 804.
12
What is the greatest common divisor of 3 and 20?
1
Calculate the highest common factor of 741 and 456.
57
Calculate the greatest common divisor of 532 and 8.
4
Calculate the highest common divisor of 90 and 1110.
30
Calculate the greatest common divisor of 165 and 198.
33
Calculate the greatest common factor of 28122 and 258.
258
Calculate the greatest common factor of 549 and 9.
9
What is the greatest common factor of 163 and 3?
1
Calculate the highest common divisor of 24 and 384.
24
Calculate the greatest common factor of 212 and 77274.
106
What is the highest common divisor of 3530 and 70?
10
Calculate the highest common divisor of 14 and 3346.
14
Calculate the highest common factor of 161 and 126.
7
Calculate the highest common factor of 168 and 147.
21
Calculate the highest common factor of 676 and 52.
52
Calculate the greatest common factor of 15 and 3990.
15
What is the greatest common divisor of 51 and 289?
17
Calculate the greatest common divisor of 1995 and 420.
105
Calculate the highest common divisor of 143 and 169.
13
Calculate the highest common divisor of 24 and 96.
24
What is the greatest common factor of 189 and 1953?
63
Calculate the greatest common divisor of 1377 and 17.
17
What is the greatest common factor of 18 and 5568?
6
Calculate the highest common factor of 36 and 261.
9
Calculate the highest common divisor of 8 and 11776.
8
Calculate the highest common divisor of 1007 and 53.
53
Calculate the greatest common divisor of 3 and 2163.
3
What is the greatest common divisor of 44 and 5533?
11
Calculate the highest common factor of 12172 and 68.
68
What is the greatest common divisor of 12 and 4614?
6
Calculate the greatest common divisor of 44 and 330.
22
Calculate the highest common factor of 133 and 19.
19
Calculate the highest common factor of 192 and 12.
12
What is the highest common factor of 45 and 51300?
45
What is the greatest common divisor of 14 and 1834?
14
Calculate the greatest common divisor of 204 and 11730.
102
Calculate the greatest common factor of 100 and 475.
25
What is the highest common divisor of 29 and 7?
1
Calculate the greatest common factor of 20 and 1260.
20
Calculate the highest common factor of 207 and 3358.
23
Calculate the greatest common divisor of 4 and 404.
4
Calculate the highest common factor of 22 and 6413.
11
Calculate the greatest common divisor of 255 and 795.
15
Calculate the highest common factor of 1961 and 185.
37
Calculate the greatest common divisor of 135 and 2250.
45
Calculate the greatest common divisor of 70 and 1092.
14
Calculate the greatest common factor of 9639 and 119.
119
Calculate the greatest common factor of 21 and 1533.
21
What is the highest common divisor of 5 and 130?
5
What is the highest common factor of 1661 and 33?
11
What is the highest common divisor of 459 and 1350?
27
Calculate the greatest common factor of 8 and 27152.
8
Calculate the highest common divisor of 40 and 704.
8
What is the greatest common factor of 81 and 81?
81
Calculate the greatest common factor of 62 and 217.
31
Calculate the highest common factor of 5878